13) is divided by 310?
14
Suppose 0 = -12*o + 28592 - 7496. Calculate the remainder when o is divided by 20.
18
Let k(h) = h**3 - 11*h**2 + 39*h + 2. Let y be k(8). Let m be 1 + -2 + -101 + -1. Let u = y + m. What is the remainder when 53 is divided by u?
15
Suppose 7*k = 2*k + 10, 2*x = 3*k + 182. Let b be -2*x/(-16) + (-2)/(-8). Suppose b*w + 104 = 14*w. Calculate the remainder when w is divided by 27.
25
Let a(d) = 9*d + 12. Let c(f) = 9*f + 12. Let u(y) = -6*a(y) + 7*c(y). What is the remainder when u(4) is divided by 29?
19
Calculate the remainder when 337 is divided by (7 - -64 - 7) + (9 - 5).
65
Suppose 0 = 2*x - 3*c - 67, -40 - 36 = -3*x + c. What is the remainder when 758 is divided by x?
22
What is the remainder when 2403 is divided by 13/(13*2/130)?
63
Let l(t) = -432 + 24*t - t**2 - 8*t + 457. Calculate the remainder when 214 is divided by l(15).
14
Suppose -5*c = -15, 0*l = -2*l - 4*c - 12. Calculate the remainder when 358 is divided by 5 + l + 5 - (-1 - 37).
34
Let l = -70 - -76. Suppose -l*i = -2*i - 4*y - 76, i + 5*y + 11 = 0. Suppose 5 = 3*b - 25. What is the remainder when i is divided by b?
4
Let d be (-8 + 7)*(-3)/(-1). Let b be ((-602)/d)/(-7)*-3. Suppose -4*a = 2*f - b, -3*a - 6*f + 8*f = -54. Calculate the remainder when 77 is divided by a.
17
Suppose -3 = -v - 6, -4*f + 3*v = -237. Suppose 4*t - 5*k - 119 = 0, 6*k - 3*k = 3*t - 81. What is the remainder when f is divided by t?
9
Suppose -2*f + 5*g = -62, 4*f - 2*g = 3*f + 30. Suppose 0 = -67*a + 63*a + 4*q + 308, 0 = -2*a - 3*q + 149. What is the remainder when a is divided by f?
24
Let f = 8 + 50. Let s = f - 22. Calculate the remainder when 16 is divided by 20*(s/8 - 4).
6
Suppose 22*f = 19*f - 3. Calculate the remainder when (-137)/f - (-9 + 16) is divided by 33.
31
Let w(c) = 91*c - 5040. Let q = 3 + 27. What is the remainder when w(56) is divided by q?
26
Suppose -120 = -5*a - 3*q - 91, q + 23 = 3*a. What is the remainder when 69 is divided by a?
6
What is the remainder when 675 is divided by ((-435)/203*(-210)/8)/((-21)/(-56))?
75
Let m = 42016 + -40747. What is the remainder when m is divided by 67?
63
Suppose -85*k + 98 + 1674 = -4093. Calculate the remainder when 492 is divided by k.
9
Let q(g) = g**2 - g. Let y(u) = 8*u**2 - 29*u - 2. Let n(l) = -6*q(l) + y(l). What is the remainder when n(14) is divided by 35?
33
Suppose -12*w = 17*w - 183 - 310. Calculate the remainder when w is divided by 23/5 - (-4)/10.
2
What is the remainder when 1306 is divided by 180/(-25)*(70/(-20)*1 - 4)?
10
Let q(h) = -h**3 - 13*h**2 + 9*h + 16. Let t be q(-13). Let m = -82 - t. Suppose m*z - 400 = 15*z. Calculate the remainder when z is divided by 27.
19
Let j(k) = -2*k + 45. Let h(x) = x + 487. What is the remainder when h(23) is divided by j(-6)?
54
Let j be ((-3)/18*-8)/(3/(-18)). Let m(c) = 8*c**2 + 61*c + 4. What is the remainder when m(j) is divided by 16?
12
Let a = 160 + -171. What is the remainder when a*-1*69*5/15 is divided by 32?
29
Suppose -26*t + 25*t = -229. Let r = t - 115. Suppose 120 = 5*n - 4*x - 182, 5*x = 2*n - r. What is the remainder when n is divided by 13?
10
Let y be (-27)/(-2 + -1) - -3. Let k(p) = -p + 28. Calculate the remainder when 44 is divided by k(y).
12
Let w be (-1 + 4)/(-1 + 2). Suppose -5*p - w = -63. What is the remainder when (-18447)/(-572) - (-1)/(-4) is divided by p?
8
Let l = -133 - -172. Suppose 369 = l*j - 36*j. Calculate the remainder when j is divided by 64.
59
Suppose q - 2*d = -2*q - 243, 2*q + d = -155. Let w = -60 - q. Suppose 200*g - 432 = 192*g. What is the remainder when g is divided by w?
16
Let m be -1*(-33)/(-6)*(-6)/(-1). Let t = 38 - m. Calculate the remainder when t is divided by 24.
23
Let x(h) = 534*h**3 + h**2 - 2*h + 5. Let c be x(2). Suppose -23*u = -10*u - c. Calculate the remainder when u is divided by 111.
107
Suppose 4*a + 108 = -3*l, -l - 124 = 4*a - 2*l. Let k = 25 + a. Let t(v) = v**3 + 7*v**2 + 5*v - 1. Calculate the remainder when 47 is divided by t(k).
23
Suppose -2*q + 13*n + 388 = 18*n, -24 = 3*n. Calculate the remainder when q is divided by 192.
22
Suppose -16*h = -15*h + 110. Let d = -160 - h. Let j = -32 - d. What is the remainder when 65 is divided by j?
11
What is the remainder when ((-60)/10 - -9)/3 + 3067 is divided by 279?
278
Let f = 4915 + -4552. Calculate the remainder when f is divided by 7.
6
Let q = -183 - 64. Let c = q - -364. Calculate the remainder when c is divided by 41.
35
Let b(a) = 58*a**2 + 105*a - 12. What is the remainder when b(-3) is divided by 66?
63
Suppose -35576 = -39*d - 34757. What is the remainder when 857 is divided by d?
17
Let a = 174 + -171. Let i(f) = 2*f**2 - 2*f + 7. What is the remainder when 74 is divided by i(a)?
17
Let l(o) = o**3 - 6*o**2 - o + 6. Let f be l(6). Suppose f*y - y + 6 = 0. Suppose 1494*p = 1485*p + 90. Calculate the remainder when p is divided by y.
4
Let b = -1321 - -1428. Suppose u + 4*u - 750 = 0. Let s = u - b. Calculate the remainder when s is divided by 11.
10
Let y(z) = z**3 + 24*z**2 + 41*z - 14. Let p be (28/7 + 18)/(-1). What is the remainder when y(p) is divided by 18?
16
Let u = -84 - -80. Let z be (-8)/2 + (-3)/(3/u). What is the remainder when z/1 - ((-8)/(-2) + -17) is divided by 7?
6
Let n be (-20 - 1) + 10 + -20 + 13. What is the remainder when 235 + -4 + n/6 is divided by 26?
20
Suppose 0*z - 4*o - 93 = -z, 0 = 5*z - 2*o - 411. Let g = z - 62. Calculate the remainder when (-153)/(-6)*16/12 is divided by g.
15
Let y = -13 + 12. Let w(r) = 21*r**3 - r**2 + 1. Let l be w(y). Calculate the remainder when (854/l)/(4/(-6)) is divided by 16.
13
Suppose -3*g = -4*y - 2 + 7, -10 = 4*g - 2*y. Let t be (-29)/g - (-13)/39. Let j(c) = c**2 - 8*c + 1. What is the remainder when j(t) is divided by 6?
3
Suppose -6*b + 11*b - 75 = 0. Let c(o) = o**3 - 16*o**2 + 16*o - 9. Let u be c(b). Suppose -9*p + 33 = -u*p. What is the remainder when 43 is divided by p?
10
Let n = -1377 + 1396. Calculate the remainder when 641 is divided by n.
14
Suppose -5*r = -6*z + 2*z + 35, 3*z + 3*r - 6 = 0. Suppose -l + z*k = -44, -4*l - 4*k + 63 - 7 = 0. What is the remainder when 113 is divided by l?
18
Let w(v) = -3*v + 3. Suppose -g = 2*b + 3*b - 432, -3*b = 3*g - 252. Suppose -3*s - b = -o - 8*s, -4 = -4*s. What is the remainder when o is divided by w(-3)?
10
Let u be ((-455)/(-4))/(11/132). Suppose -9*f = -30*f + u. What is the remainder when f is divided by 24?
17
Let q(m) = 10*m**2 - 79*m + 49. Calculate the remainder when q(11) is divided by 23.
22
Suppose 0 = 4*r - 3*r - 35. Let k(w) = -w**3 + 11*w**2 - 14*w. Let i be k(9). Suppose 2*o + 24 = i. What is the remainder when r is divided by o?
5
Let a(v) = 3*v - 6*v + 7*v + 9*v - 7. Suppose 0 = -4*w - 4*h + 3 - 11, -4*w = -2*h - 16. Calculate the remainder when 37 is divided by a(w).
18
Let z = 7 - -33. Let i(u) be the second derivative of -u**5/2 - u**4/6 - u**3/2 - u**2/2 + 2*u. Calculate the remainder when i(-2) is divided by z.
37
Let v(l) = 13*l**3 + 3*l**2 + 3*l + 1. Let m be v(-1). Calculate the remainder when (-6 + 51/m)/((-1)/92) is divided by 16.
15
Let z(t) = -t**2 + 50*t - 93. Let f be z(25). Suppose 0 = -3*p + 5*b - 93 + f, 0 = 3*b - 3. What is the remainder when p is divided by 14?
8
Let b(i) = -7*i - 4. Let h be b(-3). What is the remainder when 833/h - (-1)/1 is divided by 21?
8
Let b(a) = a**3 + 13*a**2 + 22*a + 69. Let d be b(-13). Let h = d - -251. What is the remainder when 63 is divided by h?
29
Let b(u) = 9*u**3 + 15*u**2 - 14*u - 17. Let f(j) = 2*j**3 + j**2 - j - 1. Let m(i) = b(i) - 5*f(i). What is the remainder when 302 is divided by m(6)?
68
Suppose -5*a + 57 = -4*a. Suppose 0 = 4*o + a - 181. What is the remainder when 123 is divided by o?
30
Let s(g) = 18*g**2 + g - 13. Let i be s(11). Suppose m - 4*m = 2*j - 2206, 4*j = 3*m - i. Suppose -7*p + m = 46. Calculate the remainder when p is divided by 9.
8
Suppose r + 9*r - 60 = 0. Let p be r*10/4*(-340)/(-20). Suppose -i = -2*u + 99 + 24, 4*u = -i + p. Calculate the remainder when u is divided by 17.
12
Let y(i) = 2*i**2 - 36*i - 1137. Calculate the remainder when y(42) is divided by 42.
39
Suppose 5*j = 32*t - 27*t - 191410, 3*t - 114830 = -j. What is the remainder when t is divided by 15?
13
Let l(j) = j**3 + 9*j**2 + 6*j + 6. Let